*2 + 6*f + 19. Suppose 0 = -5*t - x + 179, -2*t + x = -6*t + 144. Calculate the remainder when t is divided by m(-4).
2
Let t = -465 + 474. What is the remainder when 27 is divided by t?
0
Suppose 3*o - l - 444 = 0, -3*l + 1860 = 2*o + 1564. Calculate the remainder when o is divided by 25.
23
Suppose -3*o - 2*k + 41 = 0, 3*o + 3*k - 46 = -4. Suppose -494*s = -492*s - 5*u - 278, -s - 4*u + 113 = 0. What is the remainder when s is divided by o?
12
Let o be (-6)/21 - (-5 - 4/14). Suppose -81 = -o*w + 8*w. Calculate the remainder when ((-63)/w)/(-2*(-3)/288) is divided by 38.
36
Suppose -2*b = -k + 24, -3*b - 81 = -2*k - 2*k. Suppose k + 30 = 4*f. Let i(t) = 504*t + 3551. Calculate the remainder when i(-7) is divided by f.
11
Let g(n) = -n**2 - 16*n - 17. What is the remainder when -6 + 9 + 180 + 5 is divided by g(-11)?
36
Let h(s) = -5*s**3 - 3*s**2 - 278*s - 1369. What is the remainder when h(-5) is divided by 117?
103
Let v = 3306 + -3206. Calculate the remainder when 794 is divided by v.
94
Suppose 98 = -3*y + 4*y. What is the remainder when y is divided by 10/(133/(25137/210))?
8
Let c(o) = 7*o - 12. Suppose -10 = -r - 2*l, 0 = -5*r - 0*r + l + 17. Let q be c(r). What is the remainder when (-72)/q*(-44)/6 is divided by 13?
7
Calculate the remainder when 826 is divided by -1 + 91 + 10/120*24.
90
Suppose 67*t - 4049 - 373 = 0. What is the remainder when 93 is divided by t?
27
Suppose -4*f = -4*m - m - 49, 2 = -3*f - 4*m. Let z = -113 + 29. Let t = z - -94. What is the remainder when t is divided by f?
4
Let t = 193 - 111. Let n(r) = -r + 21. Calculate the remainder when t is divided by n(7).
12
Let y(t) = -t**3 + 9*t**2 - 9*t + 6. Let j(o) = -2*o**2 + 50*o + 1217. What is the remainder when y(6) is divided by j(-15)?
9
Suppose 47*x + x = -80*x + 25600. What is the remainder when 512 is divided by x?
112
Suppose -7*z - 12*z + 266 = 0. Suppose 205*w - 203*w - 52 = 0. Calculate the remainder when w is divided by z.
12
Suppose 0 = g + t - 430 + 199, 5*t = 30. What is the remainder when g is divided by 67?
24
Let t = 20624 + -4287. Calculate the remainder when t is divided by 43.
40
Let i = 8436 - 8392. What is the remainder when 79 is divided by i?
35
Let t(d) = 3*d**2 + 368*d - 171. Calculate the remainder when t(-125) is divided by 101.
98
Let s(n) = -1017*n - 1192. Calculate the remainder when s(-2) is divided by 141.
137
Suppose 46*r = 43*r. Suppose r*h + 4*h - 692 = 0. What is the remainder when h is divided by 25?
23
Calculate the remainder when 102 is divided by 25454/726 + -14 + (-2)/33.
18
Suppose 70 = 18*z - 23*z. What is the remainder when 33 + 3 + 1 + 4 is divided by (3/((-6)/z))/((-10)/(-20))?
13
Let j(l) = 11*l**2 + 91*l + 39. What is the remainder when j(-9) is divided by 38?
35
Suppose -2 = 35*m - 36*m. Suppose m*o - 4*h - 31 = 9, 4*h = 12. What is the remainder when 51 is divided by o?
25
Let v(m) = 7 - 13 - 29 + 14*m. Let u(s) = -9*s + 23. Let g(i) = 8*u(i) + 5*v(i). Calculate the remainder when 104 is divided by g(-6).
20
Let m be (11/(-2))/(1/6). Suppose -15*k = -3*q + 105, k = -5*q - 3*k + 204. Let n = q + m. Calculate the remainder when 25 is divided by n.
4
Let o(c) = -58*c - 151. Let v(d) = 2*d**2 + 9*d - 1. Let w be v(7). Calculate the remainder when w/(-12)*1*-3 is divided by o(-3).
17
Let c = -11720 - -12010. Calculate the remainder when c is divided by 72.
2
Let k(q) = -5*q**2 + 76*q - 13. Let i be k(15). Suppose -1035 = -5*x - b, 3*x - 4*b - 1010 = -i*x. What is the remainder when x is divided by 23?
22
Let r = -1031 - -1085. Suppose 27 = 4*q + q - 3*n, 3*n = -12. Suppose 3*t - 27 = -3*j, 2*t = -j - q*j + 8. What is the remainder when r is divided by t?
12
Suppose 37 = 25*i - 863. What is the remainder when i/(3 - -6) - -229 is divided by 55?
13
Suppose 47 = 3*u - 5*i, 2*u - 8*i - 40 = -9*i. Let w = -123 - -128. Suppose 0 = 2*n + b - 60, w*b - 5 = 15. What is the remainder when n is divided by u?
9
Suppose 9*w - 12*w = -15. Suppose -63 = -c - b - 8, -315 = -5*c + w*b. Suppose 3*y + 75 = 8*y. Calculate the remainder when c is divided by y.
14
Let x(i) = -24*i. Let c be x(-4). Let b = 127 - c. Let n = 65 - b. Calculate the remainder when 65 is divided by n.
31
Let j = -1809 + 2124. Calculate the remainder when 23308 is divided by j.
313
Let i(z) = z**3 - z**2 + z + 23. Calculate the remainder when 153/(-135) - -1 - 6874/(-30) is divided by i(0).
22
Let z(c) = -c**2 - c + 14. What is the remainder when 100/30*18/15 is divided by z(-4)?
0
Let z(c) = 1 - 7 + c - 2*c**2 + 6*c - 5*c. Let h be z(0). Let v(f) = f**2 + f - 7. Calculate the remainder when 68 is divided by v(h).
22
Let i be (206 - (-7 + 3))*(-2)/(-3). Let l be 1 + 134/(-10) + 56/i. What is the remainder when (-6 - l/4) + 72 + -1 is divided by 24?
20
Let f = 1 - -3. Suppose 3*i = -3*d + 6*d - 24, -4*i = 4*d. Calculate the remainder when f is divided by (-8 + 9)*(d - 2).
0
Suppose 6*a + 12*a = 54 + 666. Calculate the remainder when 157 is divided by a.
37
Let j = -554 - -750. What is the remainder when j is divided by 173?
23
Suppose 48*l = -4*f + 45*l + 3352, -4*f = 4*l - 3360. Calculate the remainder when f is divided by 831.
1
Calculate the remainder when 5 + (-30503)/(-55) - (3/5)/1 is divided by 66.
31
Let x = 8596 + -8195. What is the remainder when x is divided by 34?
27
Suppose -58*z + 56*z = -5*l + 45, -54 = -4*l - 2*z. What is the remainder when 560 is divided by l?
10
Let y = -1021 + 1085. What is the remainder when 2879 is divided by y?
63
Let l(b) = 33*b**2 - 161*b - 1782. Let a(u) = 2*u**2 + u - 3. Calculate the remainder when l(-6) is divided by a(6).
72
Suppose 14*c - d + 268 = 17*c, -d - 177 = -2*c. What is the remainder when c is divided by 18?
17
Let d(s) = -s**3 + 8*s**2 + 17*s + 95. What is the remainder when 18718 is divided by d(10)?
63
Calculate the remainder when (-345)/9*(162/(-216))/((-5)/(-36)) is divided by 47.
19
Let p = -1657 + 2824. What is the remainder when p is divided by 18?
15
Suppose 0 = -2*z - 3*z, 0 = 3*g + 3*z. Let n(s) = s**2 - s - 2. Let t be n(g). Calculate the remainder when ((t - 0)/6)/((-8)/456) is divided by 7.
5
Let c(l) = -l**3 + 12*l**2 - 21*l - 24. Let i be c(7). Suppose -2*t - i = -4*x, 2*x + 0*x = -5*t + 43. What is the remainder when 35 is divided by x?
16
Let u(z) = z**2 - 10*z + 14. Let y be u(9). Suppose -3*p + 0*f + 58 = -5*f, y*p + 3*f = 74. What is the remainder when 13 is divided by ((-1)/2 + -1)*p/(-3)?
5
Suppose 2*q - 4 = -4*a, -5*a + 5 = -5*q + q. Calculate the remainder when -5 + 65/15 - (-400)/6 is divided by (a + -2)/(5/(-85)).
15
What is the remainder when 1151 + (22 - 19 - (11 - 2)) is divided by 63?
11
Let n(k) = -77*k + 105. Let d be n(-3). Calculate the remainder when 81 is divided by (d/(-30))/((-4)/10).
25
Let m = 8220 + -7449. Calculate the remainder when m is divided by 125.
21
Let t = -12 - -18. Let m = -28 - -127. Suppose -m = -t*o - 15. What is the remainder when 39 is divided by o?
11
Suppose 355*z = 349*z + 12. Suppose 3*v + 336 = z*b, -4*b + 2*v = -v - 684. What is the remainder when b is divided by 22?
20
Let z = -10 + 33. Suppose -3*u + 11 - 55 = -5*y, -2*y = -3*u - z. Suppose 154 - 55 = 9*p. Calculate the remainder when p is divided by y.
4
Let q be -162 + -5 - (2 - 2). Let t = 321 + q. Calculate the remainder when t is divided by (-1*39)/(-3 - -2).
37
Suppose 2*d - 80 = -2*v, -4*v - 84*d + 156 = -81*d. Calculate the remainder when 173 is divided by v.
29
Let c = -14316 + 14394. What is the remainder when 1061 is divided by c?
47
Suppose 60 = 2*d - 4*t, 8*d - 130 = 3*d + 5*t. Let l(y) = 2*y**3 + 9*y**2 - 10*y + 12. Calculate the remainder when l(-5) is divided by d.
15
Suppose 0 = i + 47 + 37. Let k = 145 + i. Suppose -19 = 2*q - k. Calculate the remainder when q is divided by 6.
3
Suppose g - 5*a - 74 = 0, -11*a + 9*a = -2*g + 172. Calculate the remainder when 283 is divided by g.
16
Suppose 3*t - 3*c - 885 = 0, 2*t - c - 548 = -6*c. Calculate the remainder when 885 is divided by t.
18
Suppose -3 = -6*b + 5*b, 2*t - 259 = -b. Suppose 16*f - t = 8*f. What is the remainder when 61 is divided by f?
13
Suppose -195*v = -211*v + 3168. What is the remainder when v is divided by 8?
6
Let z(i) = -i**2 - 14*i - 17. Suppose -5*t - 57 - 33 = 0. Let y be z(t). Let u = y + 102. Calculate t